Let h = 19 + -26. Let c(v) = v. Let y(g) = g**2 + g - 9. Let z be (-1)/2 + (-6)/12. Let w(q) = z*y(q) - 6*c(q). What is w(h)?
9
Let q = 1675 + -1666. Let b(l) = -1 + 9*l - 4*l + 2*l - l**2. Give b(q).
-19
Let v(w) = 7*w**2 + 8. Let s(x) = 6*x**2 + x + 7. Let q(o) = -5*s(o) + 4*v(o). Let m = -28 + 52. Let n(k) = -k**2 + 26*k - 51. Let b be n(m). Give q(b).
-6
Let k be (2/6)/((-1)/3). Let j = k + 1. Let f(r) be the first derivative of -r**3/3 - r**2/2 - 5*r - 1625. Determine f(j).
-5
Let c(m) be the third derivative of -m**5/60 + 7*m**4/12 - 37*m**3/6 - 2*m**2 - 3*m + 422. Determine c(9).
8
Let f(v) be the second derivative of -23 - 1/4*v**4 - 4*v + 1/3*v**3 + 0*v**2. What is f(-1)?
-5
Let g(t) = -t - 1. Let w(q) = -7*q - 52. Let c(l) = 6*g(l) - w(l). Suppose -3*u + 9 = 3*z - 7*z, u - 3 = 5*z. What is c(z)?
46
Let n(x) be the third derivative of x**4/8 + x**3/6 + 7*x**2. Let m be 4*(44/(-16) + 3) - -32. Let w = m - 34. Calculate n(w).
-2
Let h(w) = -78*w + w**3 - 72*w - 59*w - 8*w**2 + 0 - 5 - 59*w + 259*w. Suppose -5*p - 3*n + 47 = 11, 5*p - 57 = 4*n. Calculate h(p).
-5
Let a(v) = v**2 - 2*v - 1. Suppose -21 + 133 = -4*b. Let g be (50/20)/((-2)/b). Let r = g + -37. Determine a(r).
7
Let i(n) = -n**3 - 6*n**2 - 6*n - 2. Suppose 0 = -r + 2*v - 16, -83*v = r - 84*v + 10. Determine i(r).
-10
Suppose 2*v + 3*k = 13, -5*v - 7*k + 4 = -9*k. Suppose -2*j + 18 = v*c, 3*j = -2*j + 3*c + 5. Let z(h) = 26*h - h**3 - 2 - 30*h - 5*h**2 + j + 3. Give z(-4).
5
Let a(g) = -g + 3. Let z(u) = -1. Let x(k) = a(k) - 6*z(k). Let v(r) = -2*r**2 - 6*r + 2384. Let j be v(-36). Determine x(j).
1
Let x be (-9)/(-3) - 4*3. Let d be (x/(-3))/((-30)/(-50)). Let l(g) = g**2 - 6 + 2 - d*g - 3 - 1. Determine l(6).
-2
Let a(i) be the second derivative of -1/6*i**3 - 1/12*i**4 - 105*i + 0 + 3*i**2. Let c = -2 + 2. Calculate a(c).
6
Let n(b) = -26*b + 38. Let c = 3719 - 3714. Calculate n(c).
-92
Let l(s) be the third derivative of -s**6/20 + s**5/60 + 8*s**2. Let f(p) = p**3 + p**2 - p + 1. Let u(q) = 5*f(q) + l(q). Give u(5).
5
Let n(y) be the first derivative of -2*y**2 - 37 + 46 - 42. Give n(-2).
8
Let c(f) be the second derivative of -f**3/3 + 41*f**2/2 - 2662*f. Give c(8).
25
Let n(z) be the first derivative of z**4/24 - 3*z**3/2 + 63*z**2/2 + 21. Let t(y) be the second derivative of n(y). Calculate t(5).
-4
Let g(i) = 9*i**2 + i + 1. Let y be (2 - -2)*(-3)/6. Let x be y/((-20)/18) - 64/(-320). Suppose -6*t + 2 = 3*s - t, -x*t = -s - 3. Determine g(s).
9
Let i = 4 - 6. Let l(v) be the second derivative of -v**5/20 - v**4/6 + v**3/6 + 722*v - 1. Calculate l(i).
-2
Let r(x) = 4*x - 3. Suppose -4*v + 2*a - 124 = -a, -3*a = -5*v - 155. Let c = v - -35. Suppose -z + 14 = 2*z - c*o, 0 = 2*z + 3*o + 2. What is r(z)?
5
Let d(z) = -z - 18. Suppose 0 = 3*x + 2*u - 6*u - 22, -2*x - 8 = 3*u. Suppose 4*k - x*j = -74, 0*k - k - 3*j - 8 = 0. Determine d(k).
-1
Let h(y) = y - 58. Let a = 5397 - 5397. Determine h(a).
-58
Let b(p) be the third derivative of -p**5/20 + p**4/8 + 5*p**3/6 - 86*p**2 - 2*p. Let n(o) = 16*o**2 - 14*o - 25. Let m(v) = 11*b(v) + 2*n(v). Calculate m(6).
-1
Let f(l) = -245 - 3*l - l**2 + 180 + 147. Calculate f(8).
-6
Let h(z) = 9 + 69*z - 34*z + 3*z**2 + 12 + z**3 - 36*z - 2*z**3. Give h(0).
21
Let c(z) = 6*z - 29. Let s be (4/9)/(20/270). Give c(s).
7
Let i(t) be the second derivative of t**4/12 - 7*t**3/6 + 5*t**2 - 6*t + 116. Calculate i(5).
0
Let x(z) be the third derivative of z**4/12 - z**3 - 74592*z**2. Let p(b) = -b**2 - 6*b - 4. Let t = -15 - -11. Let w be p(t). What is x(w)?
2
Suppose -2*r + 15 = 25. Let n(k) be the third derivative of -k**6/360 - k**5/40 + 19*k**3/6 + 33*k**2. Let q(u) be the first derivative of n(u). What is q(r)?
-10
Let v(n) = 4*n + 5. Let p(w) = 11*w + 15. Let g(q) = -3*p(q) + 8*v(q). Let o be 17 - 2*(1 - -2)/6. Let f = o + -23. Determine g(f).
2
Suppose -f - 12 = -5*f. Let t(b) be the third derivative of -1/60*b**5 + 542*b**2 - 1/6*b**3 + 0*b + 7/24*b**4 + 0. What is t(f)?
11
Let s(n) = n**2 + 24*n + 28. Suppose 4*m = 3*j + 52, -1196*m = -j - 1197*m - 29. What is s(j)?
28
Let h = 1722 - 1720. Let z(p) be the first derivative of p**3/3 + p**2/2 + 2*p - 1. Calculate z(h).
8
Let f(y) = y**2 + 6*y + 14. Let a(p) = -p**2 - 5*p - 13. Let g(r) = -6*a(r) - 5*f(r). Let i = -484 - -900. Let o = 416 - i. Calculate g(o).
8
Suppose 13 = -8*s + 117. Suppose -s = w - 2*k, 0*w + 27 = -4*w + 3*k. Let h(t) = -t + 3*t + 3 - 1. Give h(w).
-4
Let s(o) = -o**2 + 11*o - 11. Let d be 20/6*66/44. Determine s(d).
19
Suppose -2*o = -10, 2*g + o = -0*o - 75. Suppose 22 + 75 = -3*y - 2*l, 3*l = -y - 30. Let w = y - g. Let k(r) = -r**3 + 8*r**2 - 6*r + 3. Give k(w).
10
Let a(n) = -n**3 + 15*n**2 - 14*n + 12. Let d be a(14). Let k = 18 - d. Let x(l) = -4 + 3 + k*l - 5*l. Determine x(-4).
-5
Let z(q) = 11*q - 19. Let t = -4018 + 4023. What is z(t)?
36
Let r(n) = -2*n**2 + 5*n - 2. Suppose -4*s = -4*z + 288, -z = z - 3*s - 143. Let g = z - 69. What is r(g)?
-14
Let f(a) be the second derivative of -a**5/20 - 2*a**4 - a**3/6 + a**2 - 776*a - 3. Give f(-24).
26
Let t = 477 + -477. Let y(d) = -2 - 4 + t*d + 517*d**2 + 0*d - 518*d**2. Determine y(0).
-6
Suppose -8 = -4*c + h - 0*h, -3*c = -4*h - 6. Let u(i) = 6 - 7*i + i**c + 5*i**2 - 5*i**2 + 1. Let s(z) = z**2 + 5*z - 45. Let j be s(-10). Give u(j).
-3
Let l(v) = -2409*v + 5 + 3*v**2 + 4823*v - 2411*v + 2*v**3. What is l(-2)?
-5
Let k be 9/(-3)*(-5)/(-3). Let w(o) = -o**2 + 4*o + 51. Let c be w(k). Let a(i) = -9*i + c*i - 1 + 0*i + i**2. Give a(-2).
9
Let c(t) be the second derivative of -t**4/12 - t**2/2 + 6195*t. Suppose -5*p - 8 = -p. Calculate c(p).
-5
Let b(s) be the first derivative of s**4/4 + 14*s**3/3 - 18*s + 1396. Calculate b(-14).
-18
Let i(f) = 5*f**2 + 6 - 5*f + 2*f - f**3 + 0*f. Let r be (3 - 1833/546)/((-2)/28). Determine i(r).
-9
Suppose 15 = -5*v + 3*n, 0 = 3*v + 90*n - 95*n - 7. Let r(d) = d**3 + 5*d**2 - 8*d - 11. Calculate r(v).
1
Let h be (25 + -43)/(2/(-2)). Let l = 32 + -22. Suppose -2*y = 5*j - h, -7 + l = -3*y. Let q(k) = -5*k + 2. Determine q(j).
-18
Let l(m) = -m**2 + 10*m + 79. Let s be l(15). Let b(j) be the second derivative of -j**4/6 + j**3/3 - j**2/2 - 18*j. Give b(s).
-25
Let o(w) = -w**2 + 22*w + 50. Let s be o(24). Let g(z) = -1753*z + 1753*z - z**s. Let i = -4 - -7. What is g(i)?
-9
Let v(d) = -d**3 + 18*d**2 - 45*d - 2. Let c = -21169 + 21172. Determine v(c).
-2
Let m(n) = 16*n + 281. Let h = -6746 - -6728. Determine m(h).
-7
Suppose -927 = -33*o - 70*o. Let a(r) = -r**2 + 4*r + 37. Calculate a(o).
-8
Let g(l) = -4 + 3*l - l + 6*l - 6*l. Let i = -44203 + 44209. Give g(i).
8
Let q(r) = -r + 13. Let a(l) = -l**3 - 4*l**2 + 11*l + 5. Let u be a(-6). Let o be q(u). Let j(s) = -21*s**2 + s**3 - o + 0 + 20*s**2. Determine j(0).
-2
Let b(x) = -x**3 + 4*x**2 - x + 3. Let t(r) = r - 17. Let z be (6 - (1 + 1))/(14/70). Let i be t(z). Give b(i).
9
Let m(h) be the third derivative of h**6/120 + h**5/6 + 23*h**4/24 + 59*h**3/6 - h**2 + 16*h + 1. Give m(-8).
3
Let z(n) = -14*n**3 + 10*n + 7. Let y(a) = 3*a + 2. Let i(j) = -3*y(j) + z(j). Let h(m) = -m**3 - 9*m**2 + 114*m - 15. Let d be h(7). Give i(d).
14
Let k(u) = -u**3 - 3*u**2 + u + 3. Let y(d) = 5*d - 2. Let s(a) = 14*a - 7. Let r(b) = -4*s(b) + 11*y(b). Let v be r(5). Let t = -5 + v. What is k(t)?
15
Suppose 54*y - y - 309 = -50*y. Let p(f) be the third derivative of f**6/120 - f**5/15 + f**4/12 - f**3/2 - f**2. What is p(y)?
-6
Let g(z) = -256*z + 119*z - z**2 - 6 + 131*z. What is g(-3)?
3
Let l = -85 - -87. Let n(d) = 5*d - 19*d + 2*d**l + 0*d**2 + 15*d. Let u = -23 + 21. Determine n(u).
6
Let w(c) = 2*c**2 - 40*c + 3. Let y be w(20). Suppose -4 + 10 = 3*f. Let q(o) = o**y - 12*o - 58 + 10*o**f + 104 - 60. Give q(-11).
-3
Let d(v) = -16*v + 159. Let j be d(10). Let x(q) = 0 - 77*q - 1 + 64*q. Give x(j).
12
Let v(k) = 3*k**2 - 23*k + 10. Suppose 308*y + 936 = 1655 + 1437. What is v(y)?
-4
Let s = 19 - 17. Suppose 2*o = -s*o - 40. Let h(b) be the third derivative of -b**5/60 - 11*b**4/24 - 7*b**3/6 + 34*b**2. What is h(o)?
3
Let x(v) be the second derivative of -v**6/120 + v**5/12 - v**4/4 + 2*v**3/3 - 61*v**2/2 - 3*v - 3. Let r(b) be the first derivative of x(b). Determine r(4).
-4
Let i(v) = -v**2 + 24*v + 39. Let d = 9673 - 9649. De